5 = 5*d - 5*o, d - 4*o + 71 = -2*d. Let j = d - i. List the prime factors of j.
2
Let x be (21 - -1) + (0 - 2). What are the prime factors of 0/(-1) + x/2?
2, 5
Let j(g) = -g - 1 + 9 + 4. What are the prime factors of j(4)?
2
Suppose 5 = -3*s - 55. Let v = 9 - s. What are the prime factors of v?
29
Suppose 5*q = 4*a - 13 + 1, 4*a - 2*q = 24. List the prime factors of a.
2
Suppose 2*k + 35 - 313 = 0. List the prime factors of k.
139
Suppose 0 = 3*q - 19 - 62. What are the prime factors of q?
3
Let p = 12 - 8. Let y = 22 - p. What are the prime factors of y?
2, 3
Let x = -19 + 27. Suppose 4*r - 5*r = -x. List the prime factors of (-3)/12 - (-18)/r.
2
Suppose -6*d + 341 - 41 = 0. List the prime factors of d.
2, 5
Suppose -406 = -5*h - k - k, 2*h - 3*k - 170 = 0. List the prime factors of h.
2, 41
Let f(g) = g**2 - 10*g + 10. Let l be f(8). What are the prime factors of (-2)/(-12) - 11/l?
2
List the prime factors of 60/3*(-1 - -2).
2, 5
Let k = 4 - 6. Let d be (-1)/(k - 105/(-53)). Suppose -d = -3*t - 20. What are the prime factors of t?
11
Let g(l) = -129*l**3 - 3*l**2 - l + 1. List the prime factors of g(-1).
2
Let g = 5 - 9. Let u(a) = -a**3 - 4*a**2 - 4*a - 6. What are the prime factors of u(g)?
2, 5
Let i(a) = -a**2 + 8*a - 4. Let m be (-306)/(-42) + 2/(-7). List the prime factors of i(m).
3
Suppose 0 = -m - 4, 3*m = -5*f + 174 + 849. List the prime factors of f.
3, 23
Let q(w) be the third derivative of 1/6*w**3 + 0*w + 0 + 3*w**2 + 1/60*w**5 - 5/24*w**4. List the prime factors of q(7).
3, 5
Let c be 0/(-3)*3/9. Suppose c = -4*s - s + 110. What are the prime factors of s?
2, 11
Suppose 2*h + n - 18 = -3*n, h - 4*n = -21. List the prime factors of (-39*(h - -2))/(-1).
3, 13
Suppose 0 = t - 3*f - 47, -2*t - 26 = 3*f - 93. What are the prime factors of t?
2, 19
Let u(z) = z - 11. Suppose 2*d + d - 39 = 0. What are the prime factors of u(d)?
2
List the prime factors of ((-72 - -1)*-1)/1.
71
Let n = -2 - -3. List the prime factors of ((-16)/4 - -65)*n.
61
Let u = 12 + -10. Suppose -u*n = n - 12. What are the prime factors of n?
2
Suppose -3*d - 3*b + 164 + 13 = 0, 3*d + 4*b - 178 = 0. What are the prime factors of d?
2, 29
Suppose 2*b + 0*b - 68 = 5*f, f + 76 = 3*b. What are the prime factors of b?
2, 3
Let d(q) = q**2 + q + 50. Let h be d(0). Let i = -23 + h. List the prime factors of i.
3
Suppose 4*n + i = 690, -4*i - 6 = 2. List the prime factors of n.
173
Let q = 0 - 3. Let i = 2 - q. Suppose -2*y = -i - 5. What are the prime factors of y?
5
Suppose 0 = -2*p - 2 + 4, d + 5*p = 11. What are the prime factors of (-4)/d + (-41)/(-3)?
13
What are the prime factors of (-57)/(-38)*1028/6?
257
Let b(m) = m**2 - 16*m - 13. What are the prime factors of b(17)?
2
Let q be 6*(-3 + (-7)/(-2)). Suppose 0*o + 21 = f + q*o, 0 = -f + 2*o + 21. What are the prime factors of f?
3, 7
Suppose 0 = -3*x + q - 2, 2*x + q - 2 = 0. Suppose y + 3*y - 156 = x. What are the prime factors of y?
3, 13
Let w = 8 + -3. What are the prime factors of w?
5
Let o(s) be the first derivative of 2*s**3/3 + s**2 + 2. Let k be o(-2). Suppose -x = 4*y - 14, -5*y + 18 = k*x - 3*x. What are the prime factors of y?
2
Let q(v) be the second derivative of -v**3/6 - v**2/2 - 3*v. What are the prime factors of q(-7)?
2, 3
Let f = 120 + -63. List the prime factors of f.
3, 19
What are the prime factors of 4 + 21 + (-4 - -5)?
2, 13
Let o be 40 - (-2 + 1 + 1). Suppose -l = l - o. Suppose 0 = 4*d - 0*d - l. List the prime factors of d.
5
Let a(k) = k**3 - 5*k**2 + 6*k - 5. Let d be a(4). Suppose -q = -d*q + 36. Let x = -10 + q. What are the prime factors of x?
2
What are the prime factors of ((-11)/22)/(2/(-144))?
2, 3
Let q be (-2)/2 - (3 - 2). What are the prime factors of (-1 + 2)*q - -4?
2
What are the prime factors of 27/(-18)*(0 + 2) - -44?
41
Suppose 0 = -23*s + 24*s - 101. What are the prime factors of s?
101
What are the prime factors of 4/(-14) + (-10860)/(-84)?
3, 43
Suppose 6*c - 3*c - 12 = 0. Let y be (-3)/(-6)*2*c. Suppose 5*j - 17 = -3*x, j = y*x + x + 9. What are the prime factors of j?
2
Suppose p - 4*p = 0. Suppose p = -g + 6*g - 10. List the prime factors of g.
2
Suppose -5*l - 20 = 0, -v = l - 2*l - 20. Let a = -9 + v. What are the prime factors of a?
7
Let p = 400 + -206. What are the prime factors of p?
2, 97
Let b = 0 - -1. Suppose -2*s + 4*s = -22. List the prime factors of s/(b/(-2)*2).
11
Let n(g) = -g**2 - 10*g - 15. Let r be n(-12). List the prime factors of ((-4)/4 - 0)*r.
3, 13
Let d be 1/(-2 + 5/2). Let j(q) = -2*q + 1 - 1 + 2*q**2. List the prime factors of j(d).
2
Let g be 20/(-16) + 1/4. Let a(y) = -y**3 + 5*y**2 - 2*y. Let v be a(4). What are the prime factors of (0/(-2) - v)/g?
2
Let r(i) = i**2 + 6*i + 4. Suppose 1 = -2*w - 7. Let b be r(w). List the prime factors of (b - -1)/(2/(-6)).
3
Suppose -v - 20 = 4*v. Let n be 1 + 1 + 0 + v. List the prime factors of -10*(n - (-6)/4).
5
Suppose -l = 4*l - 85. Suppose 5*v + 8 = s - 23, -3*s + l = 4*v. What are the prime factors of s?
11
Suppose -2*l = -0*l - 178. What are the prime factors of l?
89
Let p(g) be the first derivative of -2 + 2*g - 1/2*g**4 - 1/3*g**3 + g**2. List the prime factors of p(-2).
2, 5
Suppose -6*z = -2*z + 40. What are the prime factors of 0 - (-5)/(z/(-4))?
2
Suppose 243 = 4*y - 333. What are the prime factors of y?
2, 3
Suppose -2*r - 39 = -n + 15, 0 = -5*n + 5*r + 250. List the prime factors of n.
2, 23
Let n(p) = -p**3 - 6*p**2 + p + 4. Let o be n(-6). Let u = -4 - o. What are the prime factors of 1/(u - 9/(-4))?
2
Suppose -2*k + 5*s - 3*s = -16, 64 = 5*k + 3*s. Suppose 58 = 3*i - k. Let r = -11 + i. What are the prime factors of r?
2, 3
Let v(l) = -l**2 + 11*l + 15. Let t be v(12). Suppose -13 = -4*b + t. What are the prime factors of b?
2
Let f be (-32)/(-6) + (-6)/(-9). Let q be (8/(-3))/(f/(-9)). Let y = q - -3. What are the prime factors of y?
7
Let n(t) = 8*t**2 - 26*t + 7. List the prime factors of n(6).
139
Suppose 3*c - 192 = -4*u + 4*c, 20 = -5*c. What are the prime factors of u?
47
Suppose 23 = 5*h + 63. Let g = 8 + h. Let l = g + 16. What are the prime factors of l?
2
Let v = 38 - -3. List the prime factors of v.
41
Suppose l = -2 - 1. List the prime factors of (4/l)/(4/(-6)).
2
Suppose 4*t - s = 238, 4*t - 234 = -0*t + 3*s. List the prime factors of t.
2, 3, 5
Suppose -5*m = -2*m - 357. List the prime factors of m.
7, 17
List the prime factors of (0 - 297/(-15)) + 1/5.
2, 5
What are the prime factors of 82 - 10 - (-1 - 3)?
2, 19
Let k = -1 - -1. Suppose 4*s + 3*a = -20, 3*s + 15 = 3*a - k*a. Let d(j) = j**2 + 4*j + 6. What are the prime factors of d(s)?
11
Suppose -o + 5*n + 40 = -3, 195 = 5*o - 5*n. What are the prime factors of o?
2, 19
Let p(g) = 25*g - 19. List the prime factors of p(6).
131
What are the prime factors of ((-133 - -1) + 0)/(-1)?
2, 3, 11
Let y(f) be the third derivative of f**4/12 + f**3/2 + f**2. Let s(p) = -p**2 + 5*p - 3. Let k be s(3). What are the prime factors of y(k)?
3
What are the prime factors of -1 + 3/(3/38)?
37
Let q(h) = -h**3 - h + 34. What are the prime factors of q(0)?
2, 17
Let m = 2 - -4. Suppose 2*o + 5*r = 4*o + 1, 1 = o - 4*r. Let t = m - o. List the prime factors of t.
3
Let c(k) = -k**3 - 4*k**2 + k - 2. List the prime factors of c(-5).
2, 3
Let k(t) = 3*t**2 + 2 - 4*t**2 + 2*t**2 - 4*t**2 - t**3 + 2*t. Let o be k(-4). What are the prime factors of 4/10 + 56/o?
2, 3
Suppose 2*t - 36 - 10 = 0. Suppose 5*k - t = 3*h - 60, -5*k = -20. List the prime factors of h.
19
Let l(w) = 63*w - 1. What are the prime factors of l(1)?
2, 31
Let b(p) = 2*p - 4. Let d be b(5). Suppose -3*o + 0 = 4*q + d, -5*q - 19 = -2*o. What are the prime factors of o?
2
Suppose 0 = -4*w - 48. Let d = w + 23. What are the prime factors of d?
11
Suppose 3*u = -2*u - 40. Suppose -5*q = d - 61, 2*d + 63 = 4*q + 17. Let g = q + u. What are the prime factors of g?
2
Suppose -n + 5*d = -0*n - 213, -3*d - 433 = -2*n. List the prime factors of n.
2, 109
Suppose -6*r = -2*r - 832. List the prime factors of r.
2, 13
Suppose -3*j = 5*d - 0*j - 400, 5*d - j - 380 = 0. List the prime factors of d.
7, 11
Suppose -2*g = -2 - 4. Suppose u - 16 = v + g, 3*u - 4*v - 53 = 0. Suppose -2*x - x - 2*p = -u, -p + 6 = x. List the prime factors of x.
11
Let x be (-5)/(5/(-3)) + -3. Lis